{"id":556,"date":"2023-04-28T10:31:23","date_gmt":"2023-04-28T10:31:23","guid":{"rendered":"http:\/\/otwartapracowniasitodruku.pl\/?page_id=556"},"modified":"2025-05-11T19:18:15","modified_gmt":"2025-05-11T19:18:15","slug":"jak-zlozyc-zamowienie","status":"publish","type":"page","link":"https:\/\/otwartapracowniasitodruku.pl\/index.php\/jak-zlozyc-zamowienie\/","title":{"rendered":"Jak zamawia\u0107?"},"content":{"rendered":"\n<p>Zanim z\u0142o\u017cysz zam\u00f3wienie, obejrzyj zdj\u0119cia naszych realizacji. Przeczytaj informacje dotycz\u0105ce procesu druku oraz czasu realizacji.<\/p>\n\n\n\n<p><strong>Na adres info@sitodrukuj.pl prze\u015blij:<\/strong><\/p>\n\n\n\n<ul><li><strong>w przypadku metek bawe\u0142nianych <\/strong><\/li><\/ul>\n\n\n\n<ul><li>Nak\u0142ad<\/li><li>Kolor ta\u015bmy (bia\u0142y, naturalny, czarny)<\/li><li>Kolor druku<\/li><li>Spos\u00f3b wszycia metki<\/li><li>Sugerowana szeroko\u015b\u0107 ta\u015bmy (1 \/ 1,5 \/ 2 \/ 2,5 \/ 3 \/ 4 cm)<\/li><li>Tre\u015b\u0107 zamieszczona na metce<\/li><li>Forma wysy\u0142ki<\/li><li>Dane do wysy\u0142ki<\/li><li>Dane do faktury\/rachunku<\/li><li>Za\u0142\u0105czniki: pliki\/logo do druku w formacie wektorowym (najlepiej PDF)<\/li><\/ul>\n\n\n\n<p><\/p>\n","protected":false},"excerpt":{"rendered":"<p>Zanim z\u0142o\u017cysz zam\u00f3wienie, obejrzyj zdj\u0119cia naszych realizacji. Przeczytaj informacje dotycz\u0105ce procesu druku oraz czasu realizacji. Na adres info@sitodrukuj.pl prze\u015blij: w przypadku metek bawe\u0142nianych Nak\u0142ad Kolor ta\u015bmy (bia\u0142y, naturalny, czarny) Kolor druku Spos\u00f3b wszycia metki Sugerowana szeroko\u015b\u0107 ta\u015bmy (1 \/ 1,5 \/ 2 \/ 2,5 \/ 3 \/ 4 cm) Tre\u015b\u0107 zamieszczona na metce Forma wysy\u0142ki [&hellip;]<\/p>\n","protected":false},"author":1,"featured_media":0,"parent":0,"menu_order":0,"comment_status":"closed","ping_status":"closed","template":"","meta":[],"_links":{"self":[{"href":"https:\/\/otwartapracowniasitodruku.pl\/index.php\/wp-json\/wp\/v2\/pages\/556"}],"collection":[{"href":"https:\/\/otwartapracowniasitodruku.pl\/index.php\/wp-json\/wp\/v2\/pages"}],"about":[{"href":"https:\/\/otwartapracowniasitodruku.pl\/index.php\/wp-json\/wp\/v2\/types\/page"}],"author":[{"embeddable":true,"href":"https:\/\/otwartapracowniasitodruku.pl\/index.php\/wp-json\/wp\/v2\/users\/1"}],"replies":[{"embeddable":true,"href":"https:\/\/otwartapracowniasitodruku.pl\/index.php\/wp-json\/wp\/v2\/comments?post=556"}],"version-history":[{"count":4,"href":"https:\/\/otwartapracowniasitodruku.pl\/index.php\/wp-json\/wp\/v2\/pages\/556\/revisions"}],"predecessor-version":[{"id":753,"href":"https:\/\/otwartapracowniasitodruku.pl\/index.php\/wp-json\/wp\/v2\/pages\/556\/revisions\/753"}],"wp:attachment":[{"href":"https:\/\/otwartapracowniasitodruku.pl\/index.php\/wp-json\/wp\/v2\/media?parent=556"}],"curies":[{"name":"wp","href":"https:\/\/api.w.org\/{rel}","templated":true}]}}